{"id":50,"date":"2024-05-30T16:51:26","date_gmt":"2024-05-30T16:51:26","guid":{"rendered":"https:\/\/nathaly-tschanz.ch\/?page_id=50"},"modified":"2025-01-24T17:50:34","modified_gmt":"2025-01-24T17:50:34","slug":"deutsch","status":"publish","type":"page","link":"https:\/\/nathaly-tschanz.ch\/","title":{"rendered":"\u00dcber mich"},"content":{"rendered":"\n<h2 class=\"wp-block-heading\">Gr\u00fcezi &#8211; und sch\u00f6n, dass Sie auf meiner Website vorbeischauen!<\/h2>\n\n\n\n<p>Ich bin <a href=\"https:\/\/www.hslu.ch\/de-ch\/hochschule-luzern\/ueber-uns\/personensuche\/profile\/?pid=5178\" target=\"_blank\" rel=\"noreferrer noopener\">Professorin<\/a> im<a href=\"https:\/\/sites.hslu.ch\/immersive-realities\/\" target=\"_blank\" rel=\"noreferrer noopener\"> Immersive Realities Center<\/a> (IRC) &#8211; einem interdisziplin\u00e4ren \u00d6kosystem, das am Departement Informatik der Hochschule Luzern angesiedelt ist. Ich bin dort als Studiengangleiterin des <a href=\"https:\/\/www.hslu.ch\/de-ch\/informatik\/studium\/bachelor\/immersive-technologies\/\" target=\"_blank\" rel=\"noreferrer noopener\">Bachelors in Immersive Technologies<\/a> t\u00e4tig, unterrichte, halte Vortr\u00e4ge und betreibe Forschung. <\/p>\n\n\n\n<p>Neben meinem Engagement an der HSLU unterrichte ich zudem als Gastdozentin an anderen Bildungsinstitutionen, bin Chapter Lead f\u00fcr immersive Technologien bei der <a href=\"https:\/\/www.digitalveterans.com\/\" target=\"_blank\" rel=\"noreferrer noopener\">Digital Veterans Association<\/a> und berate Unternehmen und Start-ups&nbsp; (auf Mandatsbasis oder als Mitglied von Advisary Boards etc.). Meine Expertise und Begeisterung f\u00fcr meine Spezialgebiete gebe ich auch oft und gerne bei Keynotes weiter. Wie zum Beispiel bei diesem Tedx-Talk, in dem ich unter anderem erz\u00e4hle, wie ich mich vor \u00fcber 10 Jahren in immersive Technologien verliebt habe und warum mich der Beruf &#8222;Reality Designerin&#8220; so fasziniert.<\/p>\n\n\n\n<figure class=\"wp-block-embed is-type-rich is-provider-handler-einbetten wp-block-embed-handler-einbetten wp-embed-aspect-16-9 wp-has-aspect-ratio\"><div class=\"wp-block-embed__wrapper\">\n<iframe loading=\"lazy\" title=\"There is more than one reality.Choose your own and make it happen | Nathaly Tschanz | TEDxFHKufstein\" width=\"525\" height=\"295\" src=\"https:\/\/www.youtube.com\/embed\/WKqdnoL5Zf0?feature=oembed\" frameborder=\"0\" allow=\"accelerometer; autoplay; clipboard-write; encrypted-media; gyroscope; picture-in-picture; web-share\" referrerpolicy=\"strict-origin-when-cross-origin\" allowfullscreen><\/iframe>\n<\/div><\/figure>\n\n\n\n<p><\/p>\n\n\n\n<h2 class=\"wp-block-heading\">Nicht z\u00f6gern &#8211; einfach melden!<\/h2>\n\n\n\n<p class=\"has-text-align-left\">Sind Sie interessiert an immersiven Technologien und Spatial Computing? Wollen Sie wissen, ob Sie da jetzt schon einsteigen sollen\/m\u00fcssen und wie Sie es anfangen? M\u00f6chten Sie mehr \u00fcber Aus- und Weiterbildungsm\u00f6glichkeiten erfahren in diesem Bereich? Haben Sie Ideen f\u00fcr Forschungsprojekte, studentische Fachpraktika und Bachelorthesen? Brauchen Sie Unterst\u00fctzung bei laufenden Projekten? Dann melden Sie sich doch einfach bei mir. Ich freue mich darauf, Sie kennenzulernen!<\/p>\n\n\n\n<a title=\"Per Mail kontaktieren\" href=\"mailto:mail@nathaly-tschanz.ch\" target=\"_blank\" rel=\"noopener\"><img decoding=\"async\" class=\"buttons\" style=\"float: left; margin-right: 20px; width: 50px; height: 50px;\" alt=\"if_mail_email_envelope_send_message_1011335\" src=\"https:\/\/nathaly-tschanz.ch\/wp-content\/uploads\/2024\/05\/if_mail_email_envelope_send_message_1011335.png\" \/><\/a>\n\n<a title=\"LinkedIn-Profil Nathaly Tschanz\" href=\"https:\/\/www.linkedin.com\/in\/nathalytschanz\" target=\"_blank\" rel=\"noopener\"><img decoding=\"async\" class=\"buttons\" style=\"float: left; margin-right: 20px; width: 50px; height: 50px;\" alt=\"if_linked_in_online_social_media_734393\" src=\"https:\/\/nathaly-tschanz.ch\/wp-content\/uploads\/2024\/05\/if_linked_in_online_social_media_734393.png\" \/>\n\n\n\n<p><\/p>\n\n\n\n<p><\/p>\n","protected":false},"excerpt":{"rendered":"<p>Gr\u00fcezi &#8211; und sch\u00f6n, dass Sie auf meiner Website vorbeischauen! Ich bin Professorin im Immersive Realities Center (IRC) &#8211; einem interdisziplin\u00e4ren \u00d6kosystem, das am Departement Informatik der Hochschule Luzern angesiedelt ist. Ich bin dort als Studiengangleiterin des Bachelors in Immersive Technologies t\u00e4tig, unterrichte, halte Vortr\u00e4ge und betreibe Forschung. Neben meinem Engagement an der HSLU unterrichte &hellip; <\/p>\n<p class=\"link-more\"><a href=\"https:\/\/nathaly-tschanz.ch\/\" class=\"more-link\"><span class=\"screen-reader-text\">\u201e\u00dcber mich\u201c<\/span> weiterlesen<\/a><\/p>\n","protected":false},"author":1,"featured_media":0,"parent":0,"menu_order":0,"comment_status":"closed","ping_status":"closed","template":"","meta":{"footnotes":""},"class_list":["post-50","page","type-page","status-publish","hentry"],"_links":{"self":[{"href":"https:\/\/nathaly-tschanz.ch\/index.php?rest_route=\/wp\/v2\/pages\/50","targetHints":{"allow":["GET"]}}],"collection":[{"href":"https:\/\/nathaly-tschanz.ch\/index.php?rest_route=\/wp\/v2\/pages"}],"about":[{"href":"https:\/\/nathaly-tschanz.ch\/index.php?rest_route=\/wp\/v2\/types\/page"}],"author":[{"embeddable":true,"href":"https:\/\/nathaly-tschanz.ch\/index.php?rest_route=\/wp\/v2\/users\/1"}],"replies":[{"embeddable":true,"href":"https:\/\/nathaly-tschanz.ch\/index.php?rest_route=%2Fwp%2Fv2%2Fcomments&post=50"}],"version-history":[{"count":24,"href":"https:\/\/nathaly-tschanz.ch\/index.php?rest_route=\/wp\/v2\/pages\/50\/revisions"}],"predecessor-version":[{"id":145,"href":"https:\/\/nathaly-tschanz.ch\/index.php?rest_route=\/wp\/v2\/pages\/50\/revisions\/145"}],"wp:attachment":[{"href":"https:\/\/nathaly-tschanz.ch\/index.php?rest_route=%2Fwp%2Fv2%2Fmedia&parent=50"}],"curies":[{"name":"wp","href":"https:\/\/api.w.org\/{rel}","templated":true}]}}